{"id":32,"date":"2008-09-27T16:10:08","date_gmt":"2008-09-27T14:10:08","guid":{"rendered":"http:\/\/mgv-dansenberg.de\/wordpress\/?page_id=32"},"modified":"2026-03-03T09:15:07","modified_gmt":"2026-03-03T08:15:07","slug":"der-vorstand","status":"publish","type":"page","link":"https:\/\/mgv-dansenberg.de\/?page_id=32","title":{"rendered":"Der Vorstand"},"content":{"rendered":"<table class=\"standardtext\" style=\"height: 577px;\" border=\"0\" width=\"546\" cellspacing=\"0\" cellpadding=\"0\">\n<tbody>\n<tr>\n<td valign=\"top\" width=\"180\"><strong>1. Vorsitzender:<\/strong><\/td>\n<td valign=\"top\" width=\"320\"><strong>Bernd Benkel<\/strong><br \/>\nBuchenheckenstr. 18<br \/>\n67661 Kaiserslautern<br \/>\nTel: 0631-55433<br \/>\nEmail: b.benkel@freenet.de<\/td>\n<\/tr>\n<tr>\n<td colspan=\"6\"><\/td>\n<\/tr>\n<tr>\n<td valign=\"top\"><strong>2. Vorsitzender:<\/strong><\/td>\n<td valign=\"top\"><strong>Michael Jakob<\/strong><br \/>\nWalter-Kolb-Str. 9<br \/>\n67659 Kaiserslautern<br \/>\nTel.: 0631-96809<br \/>\nEmail: jakob.michael@web.de<\/td>\n<\/tr>\n<tr>\n<td colspan=\"6\"><\/td>\n<\/tr>\n<tr>\n<td valign=\"top\"><strong>Kassierer:<\/strong><\/td>\n<td valign=\"top\"><strong>Friedel de Hooge<\/strong><br \/>\nIm Finkenhain 3<br \/>\n67661 Kaiserslautern<br \/>\nTel: 0631-51643<\/td>\n<\/tr>\n<tr>\n<td colspan=\"6\"><\/td>\n<\/tr>\n<tr>\n<td valign=\"top\"><strong>Schriftf\u00fchrer:<\/strong><\/td>\n<td valign=\"top\"><strong>Bernd Benkel<\/strong><br \/>\nBuchenheckenstr. 18<br \/>\n67661 Kaiserslautern<br \/>\nTel: 0631-55433<\/td>\n<\/tr>\n<tr>\n<td colspan=\"6\"><\/td>\n<\/tr>\n<tr>\n<td valign=\"top\"><strong>Pressewart:<\/strong><\/td>\n<td valign=\"top\"><strong>Stefan Reiser<\/strong><\/td>\n<\/tr>\n<tr>\n<td colspan=\"6\"><\/td>\n<\/tr>\n<tr>\n<td valign=\"top\"><strong>Notenwart:<\/strong><\/td>\n<td valign=\"top\"><strong>J\u00fcrgen Besenbruch<\/strong><\/td>\n<\/tr>\n<tr>\n<td colspan=\"6\"><\/td>\n<\/tr>\n<tr>\n<td valign=\"top\"><strong>Eventmanager:<\/strong><\/td>\n<td valign=\"top\"><strong>J\u00fcrgen Hoffmann<\/strong><\/td>\n<\/tr>\n<tr>\n<td colspan=\"6\"><\/td>\n<\/tr>\n<tr>\n<td valign=\"top\"><strong>Beisitzer:<\/strong><\/td>\n<td valign=\"top\"><strong>Eugen G\u00f6pfert<br \/>\nKurt Lied<br \/>\nErich Simon<br \/>\nThorsten Simon<br \/>\nErwin Spies<\/strong><\/td>\n<\/tr>\n<\/tbody>\n<\/table>\n","protected":false},"excerpt":{"rendered":"<p>1. Vorsitzender: Bernd Benkel Buchenheckenstr. 18 67661 Kaiserslautern Tel: 0631-55433 Email: b.benkel@freenet.de 2. Vorsitzender: Michael Jakob Walter-Kolb-Str. 9 67659 Kaiserslautern Tel.: 0631-96809 Email: jakob.michael@web.de Kassierer: Friedel de Hooge Im Finkenhain 3 67661 Kaiserslautern Tel: 0631-51643 Schriftf\u00fchrer: Bernd Benkel Buchenheckenstr. 18 67661 Kaiserslautern Tel: 0631-55433 Pressewart: Stefan Reiser Notenwart: J\u00fcrgen Besenbruch Eventmanager: J\u00fcrgen Hoffmann Beisitzer: Eugen [&hellip;]<\/p>\n","protected":false},"author":1,"featured_media":0,"parent":14,"menu_order":1,"comment_status":"open","ping_status":"open","template":"","meta":{"footnotes":""},"class_list":["post-32","page","type-page","status-publish","hentry"],"_links":{"self":[{"href":"https:\/\/mgv-dansenberg.de\/index.php?rest_route=\/wp\/v2\/pages\/32","targetHints":{"allow":["GET"]}}],"collection":[{"href":"https:\/\/mgv-dansenberg.de\/index.php?rest_route=\/wp\/v2\/pages"}],"about":[{"href":"https:\/\/mgv-dansenberg.de\/index.php?rest_route=\/wp\/v2\/types\/page"}],"author":[{"embeddable":true,"href":"https:\/\/mgv-dansenberg.de\/index.php?rest_route=\/wp\/v2\/users\/1"}],"replies":[{"embeddable":true,"href":"https:\/\/mgv-dansenberg.de\/index.php?rest_route=%2Fwp%2Fv2%2Fcomments&post=32"}],"version-history":[{"count":60,"href":"https:\/\/mgv-dansenberg.de\/index.php?rest_route=\/wp\/v2\/pages\/32\/revisions"}],"predecessor-version":[{"id":2109,"href":"https:\/\/mgv-dansenberg.de\/index.php?rest_route=\/wp\/v2\/pages\/32\/revisions\/2109"}],"up":[{"embeddable":true,"href":"https:\/\/mgv-dansenberg.de\/index.php?rest_route=\/wp\/v2\/pages\/14"}],"wp:attachment":[{"href":"https:\/\/mgv-dansenberg.de\/index.php?rest_route=%2Fwp%2Fv2%2Fmedia&parent=32"}],"curies":[{"name":"wp","href":"https:\/\/api.w.org\/{rel}","templated":true}]}}

<table class="standardtext" style="height: 577px;" border="0" width="546" cellspacing="0" cellpadding="0">
<tbody>
<tr>
<td valign="top" width="180"><strong>1. Vorsitzender:</strong></td>
<td valign="top" width="320"><strong>Bernd Benkel</strong><br />
Buchenheckenstr. 18<br />
67661 Kaiserslautern<br />
Tel: 0631-55433<br />
Email: b.benkel@freenet.de</td>
</tr>
<tr>
<td colspan="6"></td>
</tr>
<tr>
<td valign="top"><strong>2. Vorsitzender:</strong></td>
<td valign="top"><strong>Michael Jakob</strong><br />
Walter-Kolb-Str. 9<br />
67659 Kaiserslautern<br />
Tel.: 0631-96809<br />
Email: jakob.michael@web.de</td>
</tr>
<tr>
<td colspan="6"></td>
</tr>
<tr>
<td valign="top"><strong>Kassierer:</strong></td>
<td valign="top"><strong>Friedel de Hooge</strong><br />
Im Finkenhain 3<br />
67661 Kaiserslautern<br />
Tel: 0631-51643</td>
</tr>
<tr>
<td colspan="6"></td>
</tr>
<tr>
<td valign="top"><strong>Schriftführer:</strong></td>
<td valign="top"><strong>Bernd Benkel</strong><br />
Buchenheckenstr. 18<br />
67661 Kaiserslautern<br />
Tel: 0631-55433</td>
</tr>
<tr>
<td colspan="6"></td>
</tr>
<tr>
<td valign="top"><strong>Pressewart:</strong></td>
<td valign="top"><strong>Stefan Reiser</strong></td>
</tr>
<tr>
<td colspan="6"></td>
</tr>
<tr>
<td valign="top"><strong>Notenwart:</strong></td>
<td valign="top"><strong>Jürgen Besenbruch</strong></td>
</tr>
<tr>
<td colspan="6"></td>
</tr>
<tr>
<td valign="top"><strong>Eventmanager:</strong></td>
<td valign="top"><strong>Jürgen Hoffmann</strong></td>
</tr>
<tr>
<td colspan="6"></td>
</tr>
<tr>
<td valign="top"><strong>Beisitzer:</strong></td>
<td valign="top"><strong>Eugen Göpfert<br />
Kurt Lied<br />
Erich Simon<br />
Thorsten Simon<br />
Erwin Spies</strong></td>
</tr>
</tbody>
</table>

<p>1. Vorsitzender: Bernd Benkel Buchenheckenstr. 18 67661 Kaiserslautern Tel: 0631-55433 Email: b.benkel@freenet.de 2. Vorsitzender: Michael Jakob Walter-Kolb-Str. 9 67659 Kaiserslautern Tel.: 0631-96809 Email: jakob.michael@web.de Kassierer: Friedel de Hooge Im Finkenhain 3 67661 Kaiserslautern Tel: 0631-51643 Schriftführer: Bernd Benkel Buchenheckenstr. 18 67661 Kaiserslautern Tel: 0631-55433 Pressewart: Stefan Reiser Notenwart: Jürgen Besenbruch Eventmanager: Jürgen Hoffmann Beisitzer: Eugen [&hellip;]</p>
